
{"id":1508,"date":"2022-11-29T10:32:02","date_gmt":"2022-11-29T10:32:02","guid":{"rendered":"https:\/\/pjcanindeyu.gov.py\/?page_id=1508"},"modified":"2022-11-29T10:32:02","modified_gmt":"2022-11-29T10:32:02","slug":"escribanos-publicos","status":"publish","type":"page","link":"https:\/\/pjcanindeyu.gov.py\/?page_id=1508","title":{"rendered":"N\u00f3mina de Escribanos P\u00fablicos habilitados para el ejercicio notarial en los distritos del departamento de Canindey\u00fa."},"content":{"rendered":"\n<p>El Tribunal de Apelaciones en lo Civil de Canindey\u00fa, en el marco de sus atribuciones legales, pasa a comunicar a la sociedad en general, sobre los Escribanos P\u00fablicos, nombrados y habilitados por la Corte Suprema de Justicia, para la prestaci\u00f3n del servicio notarial en los distintos Distritos del Departamento de Canindey\u00fa.<\/p>\n\n\n\n<p>Para cualquier informaci\u00f3n o denuncia recurra al n\u00famero de contacto habilitado, 046242169, o ante la secretaria del Consejo de Administraci\u00f3n de la Circunscripci\u00f3n de Canindey\u00fa.<\/p>\n\n\n\n<p><\/p>\n\n\n\n<iframe loading=\"lazy\" class=\"juicio-oral\" src=\"https:\/\/drive.google.com\/file\/d\/1-AcVbUofTZW9znd-iQ7jJN9qXpjN6Zml\/preview\" width=\"520\" height=\"480\" allow=\"autoplay\"><\/iframe>\n\n\n\n<hr class=\"wp-block-separator has-alpha-channel-opacity\"\/>\n\n\n\n<p>Para acceder a la lista completa de escribanos del pa\u00eds acceda <strong><a rel=\"noreferrer noopener\" href=\"https:\/\/datos.csj.gov.py\/data\/escribanos\" target=\"_blank\">aqu\u00ed<\/a><\/strong><\/p>\n","protected":false},"excerpt":{"rendered":"<p>El Tribunal de Apelaciones en lo Civil de Canindey\u00fa, en el marco de sus atribuciones legales, pasa a comunicar a la sociedad en general, sobre los Escribanos P\u00fablicos, nombrados y habilitados por la Corte Suprema de Justicia, para la prestaci\u00f3n del servicio notarial en los distintos Distritos del Departamento de [&hellip;]<\/p>\n","protected":false},"author":1,"featured_media":0,"parent":0,"menu_order":0,"comment_status":"closed","ping_status":"closed","template":"","meta":{"footnotes":""},"class_list":["post-1508","page","type-page","status-publish","hentry"],"_links":{"self":[{"href":"https:\/\/pjcanindeyu.gov.py\/index.php?rest_route=\/wp\/v2\/pages\/1508","targetHints":{"allow":["GET"]}}],"collection":[{"href":"https:\/\/pjcanindeyu.gov.py\/index.php?rest_route=\/wp\/v2\/pages"}],"about":[{"href":"https:\/\/pjcanindeyu.gov.py\/index.php?rest_route=\/wp\/v2\/types\/page"}],"author":[{"embeddable":true,"href":"https:\/\/pjcanindeyu.gov.py\/index.php?rest_route=\/wp\/v2\/users\/1"}],"replies":[{"embeddable":true,"href":"https:\/\/pjcanindeyu.gov.py\/index.php?rest_route=%2Fwp%2Fv2%2Fcomments&post=1508"}],"version-history":[{"count":0,"href":"https:\/\/pjcanindeyu.gov.py\/index.php?rest_route=\/wp\/v2\/pages\/1508\/revisions"}],"wp:attachment":[{"href":"https:\/\/pjcanindeyu.gov.py\/index.php?rest_route=%2Fwp%2Fv2%2Fmedia&parent=1508"}],"curies":[{"name":"wp","href":"https:\/\/api.w.org\/{rel}","templated":true}]}}