
{"id":1684,"date":"2023-02-17T10:19:03","date_gmt":"2023-02-17T10:19:03","guid":{"rendered":"https:\/\/pjcanindeyu.gov.py\/?page_id=1684"},"modified":"2023-05-26T12:18:23","modified_gmt":"2023-05-26T12:18:23","slug":"notas","status":"publish","type":"page","link":"https:\/\/pjcanindeyu.gov.py\/?page_id=1684","title":{"rendered":"Notas"},"content":{"rendered":"<style>.wp-show-posts-columns#wpsp-2182 {margin-left: -2em; }.wp-show-posts-columns#wpsp-2182 .wp-show-posts-inner {margin: 0 0 2em 2em; }<\/style><section id=\"wpsp-2182\" class=\" wp-show-posts-columns wp-show-posts\" style=\"\"><article class=\" wp-show-posts-single post-5437 post type-post status-publish format-standard has-post-thumbnail hentry category-notas wpsp-col-6\" itemtype=\"http:\/\/schema.org\/CreativeWork\" itemscope><div class=\"wp-show-posts-inner\" style=\"\">\t\t\t\t\t\t<header class=\"wp-show-posts-entry-header\">\n\t\t\t\t\t\t\t<h5 class=\"wp-show-posts-entry-title\" itemprop=\"headline\"><a href=\"https:\/\/pjcanindeyu.gov.py\/?p=5437\" rel=\"bookmark\">Autoridades y Magistrados de Canindey\u00fa participan en Seminario Internacional sobre Acceso a la Justicia y Violencia contra las Mujeres<\/a><\/h5><div class=\"wp-show-posts-entry-meta wp-show-posts-entry-meta-below-title post-meta-inline\"><span class=\"wp-show-posts-posted-on wp-show-posts-meta\">\n\t\t\t\t\t<a href=\"https:\/\/pjcanindeyu.gov.py\/?p=5437\" title=\"7:44 am\" rel=\"bookmark\"><time class=\"wp-show-posts-entry-date published\" datetime=\"2026-04-16T07:44:25-04:00\" itemprop=\"datePublished\">16\/04\/2026<\/time><\/a>\n\t\t\t\t<\/span><\/div>\t\t\t\t\t\t<\/header><!-- .entry-header -->\n\t\t\t\t\t\t\t<div class=\"wp-show-posts-image  wpsp-image-center \">\n\t\t\t<a href=\"https:\/\/pjcanindeyu.gov.py\/?p=5437\"  title=\"Autoridades y Magistrados de Canindey\u00fa participan en Seminario Internacional sobre Acceso a la Justicia y Violencia contra las Mujeres\">\t\t\t\t\t<img decoding=\"async\" src=\"https:\/\/pjcanindeyu.gov.py\/wp-content\/uploads\/2026\/04\/WhatsApp-Image-2026-04-16-at-07.45.30-1-230x160.jpeg\" alt=\"Autoridades y Magistrados de Canindey\u00fa participan en Seminario Internacional sobre Acceso a la Justicia y Violencia contra las Mujeres\" itemprop=\"image\" class=\"center\" \/>\n\t\t\t\t<\/a>\t\t<\/div>\n\t\t\t\t\t\t\t\t<div class=\"wp-show-posts-entry-summary\" itemprop=\"text\">\n\t\t\t\t\t\t\t<p>El Sal\u00f3n Serafina D\u00e1valos del Palacio de Justicia de Asunci\u00f3n alberg\u00f3 el Seminario Internacional denominado \u00abViolencia contra las Mujeres, Acceso a la Justicia y Nuevos Desaf\u00edos\u00bb. El acto cont\u00f3 con&#8230;<\/p>\n\t\t\t\t\t\t<\/div><!-- .entry-summary -->\n\t\t\t\t\t<\/div><!-- wp-show-posts-inner --><\/article><article class=\" wp-show-posts-single post-5429 post type-post status-publish format-standard has-post-thumbnail hentry category-notas wpsp-col-6\" itemtype=\"http:\/\/schema.org\/CreativeWork\" itemscope><div class=\"wp-show-posts-inner\" style=\"\">\t\t\t\t\t\t<header class=\"wp-show-posts-entry-header\">\n\t\t\t\t\t\t\t<h5 class=\"wp-show-posts-entry-title\" itemprop=\"headline\"><a href=\"https:\/\/pjcanindeyu.gov.py\/?p=5429\" rel=\"bookmark\">Corte Suprema de Justicia designa a magistrado judicial para el Juzgado de Paz de Villa Ygatimi<\/a><\/h5><div class=\"wp-show-posts-entry-meta wp-show-posts-entry-meta-below-title post-meta-inline\"><span class=\"wp-show-posts-posted-on wp-show-posts-meta\">\n\t\t\t\t\t<a href=\"https:\/\/pjcanindeyu.gov.py\/?p=5429\" title=\"9:48 am\" rel=\"bookmark\"><time class=\"wp-show-posts-entry-date published\" datetime=\"2026-04-15T09:48:27-04:00\" itemprop=\"datePublished\">15\/04\/2026<\/time><\/a>\n\t\t\t\t<\/span><\/div>\t\t\t\t\t\t<\/header><!-- .entry-header -->\n\t\t\t\t\t\t\t<div class=\"wp-show-posts-image  wpsp-image-center \">\n\t\t\t<a href=\"https:\/\/pjcanindeyu.gov.py\/?p=5429\"  title=\"Corte Suprema de Justicia designa a magistrado judicial para el Juzgado de Paz de Villa Ygatimi\">\t\t\t\t\t<img decoding=\"async\" src=\"https:\/\/pjcanindeyu.gov.py\/wp-content\/uploads\/2026\/04\/Sesion-Plenaria-15-04-2026-230x160.jpeg\" alt=\"Corte Suprema de Justicia designa a magistrado judicial para el Juzgado de Paz de Villa Ygatimi\" itemprop=\"image\" class=\"center\" \/>\n\t\t\t\t<\/a>\t\t<\/div>\n\t\t\t\t\t\t\t\t<div class=\"wp-show-posts-entry-summary\" itemprop=\"text\">\n\t\t\t\t\t\t\t<p>En sesi\u00f3n plenaria de la fecha, el pleno de la Corte Suprema de Justicia en ejercicio de sus atribuciones constitucionales, design\u00f3 como Juez de Paz de Villa Ygatimi de la&#8230;<\/p>\n\t\t\t\t\t\t<\/div><!-- .entry-summary -->\n\t\t\t\t\t<\/div><!-- wp-show-posts-inner --><\/article><article class=\" wp-show-posts-single post-5426 post type-post status-publish format-standard has-post-thumbnail hentry category-edictos category-notas wpsp-col-6\" itemtype=\"http:\/\/schema.org\/CreativeWork\" itemscope><div class=\"wp-show-posts-inner\" style=\"\">\t\t\t\t\t\t<header class=\"wp-show-posts-entry-header\">\n\t\t\t\t\t\t\t<h5 class=\"wp-show-posts-entry-title\" itemprop=\"headline\"><a href=\"https:\/\/pjcanindeyu.gov.py\/?p=5426\" rel=\"bookmark\">Publicaci\u00f3n de edicto \u2013 Inicio de mensura \u2013 Ley 6875\/22<\/a><\/h5><div class=\"wp-show-posts-entry-meta wp-show-posts-entry-meta-below-title post-meta-inline\"><span class=\"wp-show-posts-posted-on wp-show-posts-meta\">\n\t\t\t\t\t<a href=\"https:\/\/pjcanindeyu.gov.py\/?p=5426\" title=\"8:11 am\" rel=\"bookmark\"><time class=\"wp-show-posts-entry-date published\" datetime=\"2026-04-15T08:11:37-04:00\" itemprop=\"datePublished\">15\/04\/2026<\/time><\/a>\n\t\t\t\t<\/span><\/div>\t\t\t\t\t\t<\/header><!-- .entry-header -->\n\t\t\t\t\t\t\t<div class=\"wp-show-posts-image  wpsp-image-center \">\n\t\t\t<a href=\"https:\/\/pjcanindeyu.gov.py\/?p=5426\"  title=\"Publicaci\u00f3n de edicto \u2013 Inicio de mensura \u2013 Ley 6875\/22\">\t\t\t\t\t<img decoding=\"async\" src=\"https:\/\/pjcanindeyu.gov.py\/wp-content\/uploads\/2024\/04\/Edicto-230x160.png\" alt=\"Publicaci\u00f3n de edicto \u2013 Inicio de mensura \u2013 Ley 6875\/22\" itemprop=\"image\" class=\"center\" \/>\n\t\t\t\t<\/a>\t\t<\/div>\n\t\t\t\t\t\t\t\t<div class=\"wp-show-posts-entry-summary\" itemprop=\"text\">\n\t\t\t\t\t\t\t<p>La Jueza de Primera Instancia en lo Civil, Comercial, Laboral y de la Ni\u00f1ez y la Adolescencia de la ciudad de Katuet\u00e9, Circunscripci\u00f3n Judicial de Canindey\u00fa, Abg. Josefina Gunsett Melgarejo,&#8230;<\/p>\n\t\t\t\t\t\t<\/div><!-- .entry-summary -->\n\t\t\t\t\t<\/div><!-- wp-show-posts-inner --><\/article><article class=\" wp-show-posts-single post-5415 post type-post status-publish format-standard has-post-thumbnail hentry category-notas wpsp-col-6\" itemtype=\"http:\/\/schema.org\/CreativeWork\" itemscope><div class=\"wp-show-posts-inner\" style=\"\">\t\t\t\t\t\t<header class=\"wp-show-posts-entry-header\">\n\t\t\t\t\t\t\t<h5 class=\"wp-show-posts-entry-title\" itemprop=\"headline\"><a href=\"https:\/\/pjcanindeyu.gov.py\/?p=5415\" rel=\"bookmark\">Consejo de Administraci\u00f3n de Canindey\u00fa formaliza traspaso de mandato mediante acto de corte administrativo<\/a><\/h5><div class=\"wp-show-posts-entry-meta wp-show-posts-entry-meta-below-title post-meta-inline\"><span class=\"wp-show-posts-posted-on wp-show-posts-meta\">\n\t\t\t\t\t<a href=\"https:\/\/pjcanindeyu.gov.py\/?p=5415\" title=\"6:23 pm\" rel=\"bookmark\"><time class=\"wp-show-posts-entry-date published\" datetime=\"2026-04-14T18:23:00-04:00\" itemprop=\"datePublished\">14\/04\/2026<\/time><time class=\"wp-show-posts-updated\" datetime=\"2026-04-15T06:25:42-04:00\" itemprop=\"dateModified\">15\/04\/2026<\/time><\/a>\n\t\t\t\t<\/span><\/div>\t\t\t\t\t\t<\/header><!-- .entry-header -->\n\t\t\t\t\t\t\t<div class=\"wp-show-posts-image  wpsp-image-center \">\n\t\t\t<a href=\"https:\/\/pjcanindeyu.gov.py\/?p=5415\"  title=\"Consejo de Administraci\u00f3n de Canindey\u00fa formaliza traspaso de mandato mediante acto de corte administrativo\">\t\t\t\t\t<img decoding=\"async\" src=\"https:\/\/pjcanindeyu.gov.py\/wp-content\/uploads\/2026\/04\/Traspaso-230x160.jpeg\" alt=\"Consejo de Administraci\u00f3n de Canindey\u00fa formaliza traspaso de mandato mediante acto de corte administrativo\" itemprop=\"image\" class=\"center\" \/>\n\t\t\t\t<\/a>\t\t<\/div>\n\t\t\t\t\t\t\t\t<div class=\"wp-show-posts-entry-summary\" itemprop=\"text\">\n\t\t\t\t\t\t\t<p>En la sala de reuniones del Consejo de Administraci\u00f3n del Palacio de Justicia de Saltos del Guair\u00e1, se llev\u00f3 a cabo el tr\u00e1mite de corte administrativo, acto por el cual&#8230;<\/p>\n\t\t\t\t\t\t<\/div><!-- .entry-summary -->\n\t\t\t\t\t<\/div><!-- wp-show-posts-inner --><\/article><article class=\" wp-show-posts-single post-5403 post type-post status-publish format-standard has-post-thumbnail hentry category-notas wpsp-col-6\" itemtype=\"http:\/\/schema.org\/CreativeWork\" itemscope><div class=\"wp-show-posts-inner\" style=\"\">\t\t\t\t\t\t<header class=\"wp-show-posts-entry-header\">\n\t\t\t\t\t\t\t<h5 class=\"wp-show-posts-entry-title\" itemprop=\"headline\"><a href=\"https:\/\/pjcanindeyu.gov.py\/?p=5403\" rel=\"bookmark\">Producci\u00f3n mensual de marzo del 2026 supera metas proyectadas en la XV Circunscripci\u00f3n<\/a><\/h5><div class=\"wp-show-posts-entry-meta wp-show-posts-entry-meta-below-title post-meta-inline\"><span class=\"wp-show-posts-posted-on wp-show-posts-meta\">\n\t\t\t\t\t<a href=\"https:\/\/pjcanindeyu.gov.py\/?p=5403\" title=\"10:00 am\" rel=\"bookmark\"><time class=\"wp-show-posts-entry-date published\" datetime=\"2026-04-13T10:00:21-04:00\" itemprop=\"datePublished\">13\/04\/2026<\/time><\/a>\n\t\t\t\t<\/span><\/div>\t\t\t\t\t\t<\/header><!-- .entry-header -->\n\t\t\t\t\t\t\t<div class=\"wp-show-posts-image  wpsp-image-center \">\n\t\t\t<a href=\"https:\/\/pjcanindeyu.gov.py\/?p=5403\"  title=\"Producci\u00f3n mensual de marzo del 2026 supera metas proyectadas en la XV Circunscripci\u00f3n\">\t\t\t\t\t<img decoding=\"async\" src=\"https:\/\/pjcanindeyu.gov.py\/wp-content\/uploads\/2026\/04\/Horizontal-230x160.png\" alt=\"Producci\u00f3n mensual de marzo del 2026 supera metas proyectadas en la XV Circunscripci\u00f3n\" itemprop=\"image\" class=\"center\" \/>\n\t\t\t\t<\/a>\t\t<\/div>\n\t\t\t\t\t\t\t\t<div class=\"wp-show-posts-entry-summary\" itemprop=\"text\">\n\t\t\t\t\t\t\t<p>La Oficina Regional de Estad\u00edstica Judicial present\u00f3 los datos sobre la producci\u00f3n mensual de resoluciones en la XV Circunscripci\u00f3n Judicial de Canindey\u00fa, y los resultados han superado las expectativas establecidas&#8230;.<\/p>\n\t\t\t\t\t\t<\/div><!-- .entry-summary -->\n\t\t\t\t\t<\/div><!-- wp-show-posts-inner --><\/article><article class=\" wp-show-posts-single post-5393 post type-post status-publish format-standard has-post-thumbnail hentry category-notas wpsp-col-6\" itemtype=\"http:\/\/schema.org\/CreativeWork\" itemscope><div class=\"wp-show-posts-inner\" style=\"\">\t\t\t\t\t\t<header class=\"wp-show-posts-entry-header\">\n\t\t\t\t\t\t\t<h5 class=\"wp-show-posts-entry-title\" itemprop=\"headline\"><a href=\"https:\/\/pjcanindeyu.gov.py\/?p=5393\" rel=\"bookmark\">Ministra Carolina Llanes disert\u00f3 sobre los desaf\u00edos del sistema acusatorio ante la criminalidad compleja en el Congreso Jur\u00eddico Internacional UNICAN \u2013 UEL<\/a><\/h5><div class=\"wp-show-posts-entry-meta wp-show-posts-entry-meta-below-title post-meta-inline\"><span class=\"wp-show-posts-posted-on wp-show-posts-meta\">\n\t\t\t\t\t<a href=\"https:\/\/pjcanindeyu.gov.py\/?p=5393\" title=\"11:10 am\" rel=\"bookmark\"><time class=\"wp-show-posts-entry-date published\" datetime=\"2026-04-11T11:10:00-04:00\" itemprop=\"datePublished\">11\/04\/2026<\/time><time class=\"wp-show-posts-updated\" datetime=\"2026-04-13T06:13:45-04:00\" itemprop=\"dateModified\">13\/04\/2026<\/time><\/a>\n\t\t\t\t<\/span><\/div>\t\t\t\t\t\t<\/header><!-- .entry-header -->\n\t\t\t\t\t\t\t<div class=\"wp-show-posts-image  wpsp-image-center \">\n\t\t\t<a href=\"https:\/\/pjcanindeyu.gov.py\/?p=5393\"  title=\"Ministra Carolina Llanes disert\u00f3 sobre los desaf\u00edos del sistema acusatorio ante la criminalidad compleja en el Congreso Jur\u00eddico Internacional UNICAN \u2013 UEL\">\t\t\t\t\t<img decoding=\"async\" src=\"https:\/\/pjcanindeyu.gov.py\/wp-content\/uploads\/2026\/04\/Congreso-0-230x160.jpeg\" alt=\"Ministra Carolina Llanes disert\u00f3 sobre los desaf\u00edos del sistema acusatorio ante la criminalidad compleja en el Congreso Jur\u00eddico Internacional UNICAN \u2013 UEL\" itemprop=\"image\" class=\"center\" \/>\n\t\t\t\t<\/a>\t\t<\/div>\n\t\t\t\t\t\t\t\t<div class=\"wp-show-posts-entry-summary\" itemprop=\"text\">\n\t\t\t\t\t\t\t<p>En su car\u00e1cter de ministra de la Corte Suprema de Justicia y superintendente de la Circunscripci\u00f3n Judicial de Canindey\u00fa, la ministra Carolina Llanes disert\u00f3 sobre el \u201cSistema Acusatorio Paraguayo: implementaci\u00f3n&#8230;<\/p>\n\t\t\t\t\t\t<\/div><!-- .entry-summary -->\n\t\t\t\t\t<\/div><!-- wp-show-posts-inner --><\/article><article class=\" wp-show-posts-single post-5374 post type-post status-publish format-standard has-post-thumbnail hentry category-notas wpsp-col-6\" itemtype=\"http:\/\/schema.org\/CreativeWork\" itemscope><div class=\"wp-show-posts-inner\" style=\"\">\t\t\t\t\t\t<header class=\"wp-show-posts-entry-header\">\n\t\t\t\t\t\t\t<h5 class=\"wp-show-posts-entry-title\" itemprop=\"headline\"><a href=\"https:\/\/pjcanindeyu.gov.py\/?p=5374\" rel=\"bookmark\">Ministra Carolina Llanes realiza jornada de gobierno en la Circunscripci\u00f3n Judicial de Canindey\u00fa<\/a><\/h5><div class=\"wp-show-posts-entry-meta wp-show-posts-entry-meta-below-title post-meta-inline\"><span class=\"wp-show-posts-posted-on wp-show-posts-meta\">\n\t\t\t\t\t<a href=\"https:\/\/pjcanindeyu.gov.py\/?p=5374\" title=\"12:27 pm\" rel=\"bookmark\"><time class=\"wp-show-posts-entry-date published\" datetime=\"2026-04-10T12:27:22-04:00\" itemprop=\"datePublished\">10\/04\/2026<\/time><\/a>\n\t\t\t\t<\/span><\/div>\t\t\t\t\t\t<\/header><!-- .entry-header -->\n\t\t\t\t\t\t\t<div class=\"wp-show-posts-image  wpsp-image-center \">\n\t\t\t<a href=\"https:\/\/pjcanindeyu.gov.py\/?p=5374\"  title=\"Ministra Carolina Llanes realiza jornada de gobierno en la Circunscripci\u00f3n Judicial de Canindey\u00fa\">\t\t\t\t\t<img decoding=\"async\" src=\"https:\/\/pjcanindeyu.gov.py\/wp-content\/uploads\/2026\/04\/WhatsApp-Image-2026-04-10-at-11.48.41-1-230x160.jpeg\" alt=\"Ministra Carolina Llanes realiza jornada de gobierno en la Circunscripci\u00f3n Judicial de Canindey\u00fa\" itemprop=\"image\" class=\"center\" \/>\n\t\t\t\t<\/a>\t\t<\/div>\n\t\t\t\t\t\t\t\t<div class=\"wp-show-posts-entry-summary\" itemprop=\"text\">\n\t\t\t\t\t\t\t<p>\u200bLa Ministra de la Corte Suprema de Justicia y Superintendente, Dra. Carolina Llanes, realiz\u00f3 en la fecha una jornada de actividades en la Circunscripci\u00f3n Judicial de Canindey\u00fa. \u200bLas actividades iniciaron&#8230;<\/p>\n\t\t\t\t\t\t<\/div><!-- .entry-summary -->\n\t\t\t\t\t<\/div><!-- wp-show-posts-inner --><\/article><article class=\" wp-show-posts-single post-5365 post type-post status-publish format-standard has-post-thumbnail hentry category-notas wpsp-col-6\" itemtype=\"http:\/\/schema.org\/CreativeWork\" itemscope><div class=\"wp-show-posts-inner\" style=\"\">\t\t\t\t\t\t<header class=\"wp-show-posts-entry-header\">\n\t\t\t\t\t\t\t<h5 class=\"wp-show-posts-entry-title\" itemprop=\"headline\"><a href=\"https:\/\/pjcanindeyu.gov.py\/?p=5365\" rel=\"bookmark\">Sesi\u00f3n del Consejo de Administraci\u00f3n<\/a><\/h5><div class=\"wp-show-posts-entry-meta wp-show-posts-entry-meta-below-title post-meta-inline\"><span class=\"wp-show-posts-posted-on wp-show-posts-meta\">\n\t\t\t\t\t<a href=\"https:\/\/pjcanindeyu.gov.py\/?p=5365\" title=\"12:13 pm\" rel=\"bookmark\"><time class=\"wp-show-posts-entry-date published\" datetime=\"2026-03-19T12:13:26-04:00\" itemprop=\"datePublished\">19\/03\/2026<\/time><\/a>\n\t\t\t\t<\/span><\/div>\t\t\t\t\t\t<\/header><!-- .entry-header -->\n\t\t\t\t\t\t\t<div class=\"wp-show-posts-image  wpsp-image-center \">\n\t\t\t<a href=\"https:\/\/pjcanindeyu.gov.py\/?p=5365\"  title=\"Sesi\u00f3n del Consejo de Administraci\u00f3n\">\t\t\t\t\t<img decoding=\"async\" src=\"https:\/\/pjcanindeyu.gov.py\/wp-content\/uploads\/2026\/03\/Sesion-del-Consejo-1-230x160.jpeg\" alt=\"Sesi\u00f3n del Consejo de Administraci\u00f3n\" itemprop=\"image\" class=\"center\" \/>\n\t\t\t\t<\/a>\t\t<\/div>\n\t\t\t\t\t\t\t\t<div class=\"wp-show-posts-entry-summary\" itemprop=\"text\">\n\t\t\t\t\t\t\t<p>En fecha la se reunieron en sesi\u00f3n ordinaria los nuevos miembros del Consejo de Administraci\u00f3n de la Circunscripci\u00f3n Judicial de Canindey\u00fa, per\u00edodo 2026-2027, encabezado por la presidenta, Abg. Edith P&#8230;.<\/p>\n\t\t\t\t\t\t<\/div><!-- .entry-summary -->\n\t\t\t\t\t<\/div><!-- wp-show-posts-inner --><\/article><article class=\" wp-show-posts-single post-5354 post type-post status-publish format-standard has-post-thumbnail hentry category-notas wpsp-col-6\" itemtype=\"http:\/\/schema.org\/CreativeWork\" itemscope><div class=\"wp-show-posts-inner\" style=\"\">\t\t\t\t\t\t<header class=\"wp-show-posts-entry-header\">\n\t\t\t\t\t\t\t<h5 class=\"wp-show-posts-entry-title\" itemprop=\"headline\"><a href=\"https:\/\/pjcanindeyu.gov.py\/?p=5354\" rel=\"bookmark\">El Consejo de Administraci\u00f3n de Canindey\u00fa coordina acciones con jefes administrativos y de apoyos jurisdiccionales<\/a><\/h5><div class=\"wp-show-posts-entry-meta wp-show-posts-entry-meta-below-title post-meta-inline\"><span class=\"wp-show-posts-posted-on wp-show-posts-meta\">\n\t\t\t\t\t<a href=\"https:\/\/pjcanindeyu.gov.py\/?p=5354\" title=\"10:17 am\" rel=\"bookmark\"><time class=\"wp-show-posts-entry-date published\" datetime=\"2026-03-12T10:17:16-04:00\" itemprop=\"datePublished\">12\/03\/2026<\/time><time class=\"wp-show-posts-updated\" datetime=\"2026-03-12T10:17:48-04:00\" itemprop=\"dateModified\">12\/03\/2026<\/time><\/a>\n\t\t\t\t<\/span><\/div>\t\t\t\t\t\t<\/header><!-- .entry-header -->\n\t\t\t\t\t\t\t<div class=\"wp-show-posts-image  wpsp-image-center \">\n\t\t\t<a href=\"https:\/\/pjcanindeyu.gov.py\/?p=5354\"  title=\"El Consejo de Administraci\u00f3n de Canindey\u00fa coordina acciones con jefes administrativos y de apoyos jurisdiccionales\">\t\t\t\t\t<img decoding=\"async\" src=\"https:\/\/pjcanindeyu.gov.py\/wp-content\/uploads\/2026\/03\/Reunion-7-230x160.jpeg\" alt=\"El Consejo de Administraci\u00f3n de Canindey\u00fa coordina acciones con jefes administrativos y de apoyos jurisdiccionales\" itemprop=\"image\" class=\"center\" \/>\n\t\t\t\t<\/a>\t\t<\/div>\n\t\t\t\t\t\t\t\t<div class=\"wp-show-posts-entry-summary\" itemprop=\"text\">\n\t\t\t\t\t\t\t<p>Tras su reciente designaci\u00f3n por la Corte Suprema de Justicia, el Consejo de Administraci\u00f3n de la Circunscripci\u00f3n Judicial de Canindey\u00fa llev\u00f3 a cabo una reuni\u00f3n institucional en la sala de&#8230;<\/p>\n\t\t\t\t\t\t<\/div><!-- .entry-summary -->\n\t\t\t\t\t<\/div><!-- wp-show-posts-inner --><\/article><article class=\" wp-show-posts-single post-5345 post type-post status-publish format-standard has-post-thumbnail hentry category-notas wpsp-col-6\" itemtype=\"http:\/\/schema.org\/CreativeWork\" itemscope><div class=\"wp-show-posts-inner\" style=\"\">\t\t\t\t\t\t<header class=\"wp-show-posts-entry-header\">\n\t\t\t\t\t\t\t<h5 class=\"wp-show-posts-entry-title\" itemprop=\"headline\"><a href=\"https:\/\/pjcanindeyu.gov.py\/?p=5345\" rel=\"bookmark\">Cooperaci\u00f3n interinstitucional &#8211; Juzgado de Katuet\u00e9 fortalece labor social mediante salidas procesales<\/a><\/h5><div class=\"wp-show-posts-entry-meta wp-show-posts-entry-meta-below-title post-meta-inline\"><span class=\"wp-show-posts-posted-on wp-show-posts-meta\">\n\t\t\t\t\t<a href=\"https:\/\/pjcanindeyu.gov.py\/?p=5345\" title=\"7:11 am\" rel=\"bookmark\"><time class=\"wp-show-posts-entry-date published\" datetime=\"2026-03-12T07:11:51-04:00\" itemprop=\"datePublished\">12\/03\/2026<\/time><\/a>\n\t\t\t\t<\/span><\/div>\t\t\t\t\t\t<\/header><!-- .entry-header -->\n\t\t\t\t\t\t\t<div class=\"wp-show-posts-image  wpsp-image-center \">\n\t\t\t<a href=\"https:\/\/pjcanindeyu.gov.py\/?p=5345\"  title=\"Cooperaci\u00f3n interinstitucional &#8211; Juzgado de Katuet\u00e9 fortalece labor social mediante salidas procesales\">\t\t\t\t\t<img decoding=\"async\" src=\"https:\/\/pjcanindeyu.gov.py\/wp-content\/uploads\/2026\/03\/Donacion-Ilda-230x160.png\" alt=\"Cooperaci\u00f3n interinstitucional &#8211; Juzgado de Katuet\u00e9 fortalece labor social mediante salidas procesales\" itemprop=\"image\" class=\"center\" \/>\n\t\t\t\t<\/a>\t\t<\/div>\n\t\t\t\t\t\t\t\t<div class=\"wp-show-posts-entry-summary\" itemprop=\"text\">\n\t\t\t\t\t\t\t<p>En cumplimiento del Objetivo Estrat\u00e9gico 3 del Plan Estrat\u00e9gico de la Institucional del Poder Judicial 2026-2030, orientado a la optimizaci\u00f3n del servicio de justicia y la gesti\u00f3n en los fueros,&#8230;<\/p>\n\t\t\t\t\t\t<\/div><!-- .entry-summary -->\n\t\t\t\t\t<\/div><!-- wp-show-posts-inner --><\/article><div class=\"wpsp-clear\"><\/div><\/section><!-- .wp-show-posts --><div class=\"wpsp-load-more\"><span aria-current=\"page\" class=\"page-numbers current\">1<\/span>\n<a class=\"page-numbers\" href=\"https:\/\/pjcanindeyu.gov.py\/index.php\/?paged=2&#038;rest_route=%2Fwp%2Fv2%2Fpages%2F1684\">2<\/a>\n<span class=\"page-numbers dots\">&hellip;<\/span>\n<a class=\"page-numbers\" href=\"https:\/\/pjcanindeyu.gov.py\/index.php\/?paged=34&#038;rest_route=%2Fwp%2Fv2%2Fpages%2F1684\">34<\/a>\n<a class=\"next page-numbers\" href=\"https:\/\/pjcanindeyu.gov.py\/index.php\/?paged=2&#038;rest_route=%2Fwp%2Fv2%2Fpages%2F1684\">Siguiente &rarr;<\/a><\/div>\n","protected":false},"excerpt":{"rendered":"","protected":false},"author":1,"featured_media":0,"parent":0,"menu_order":0,"comment_status":"closed","ping_status":"closed","template":"page-templates\/t_page_notasPlugin.php","meta":{"footnotes":""},"class_list":["post-1684","page","type-page","status-publish","hentry"],"_links":{"self":[{"href":"https:\/\/pjcanindeyu.gov.py\/index.php?rest_route=\/wp\/v2\/pages\/1684","targetHints":{"allow":["GET"]}}],"collection":[{"href":"https:\/\/pjcanindeyu.gov.py\/index.php?rest_route=\/wp\/v2\/pages"}],"about":[{"href":"https:\/\/pjcanindeyu.gov.py\/index.php?rest_route=\/wp\/v2\/types\/page"}],"author":[{"embeddable":true,"href":"https:\/\/pjcanindeyu.gov.py\/index.php?rest_route=\/wp\/v2\/users\/1"}],"replies":[{"embeddable":true,"href":"https:\/\/pjcanindeyu.gov.py\/index.php?rest_route=%2Fwp%2Fv2%2Fcomments&post=1684"}],"version-history":[{"count":5,"href":"https:\/\/pjcanindeyu.gov.py\/index.php?rest_route=\/wp\/v2\/pages\/1684\/revisions"}],"predecessor-version":[{"id":4021,"href":"https:\/\/pjcanindeyu.gov.py\/index.php?rest_route=\/wp\/v2\/pages\/1684\/revisions\/4021"}],"wp:attachment":[{"href":"https:\/\/pjcanindeyu.gov.py\/index.php?rest_route=%2Fwp%2Fv2%2Fmedia&parent=1684"}],"curies":[{"name":"wp","href":"https:\/\/api.w.org\/{rel}","templated":true}]}}