
{"id":57,"date":"2022-09-22T14:46:40","date_gmt":"2022-09-22T14:46:40","guid":{"rendered":"https:\/\/pjcanindeyu.gov.py\/?page_id=57"},"modified":"2023-03-30T16:57:54","modified_gmt":"2023-03-30T16:57:54","slug":"historia","status":"publish","type":"page","link":"https:\/\/pjcanindeyu.gov.py\/?page_id=57","title":{"rendered":"Historia"},"content":{"rendered":"\n<p>Por medio del Decreto Ley del Poder Ejecutivo N\u00ba 4.578 del 18 de febrero de 1938, se determin\u00f3 las asignaciones y composiciones de las localidades que conformar\u00edan las distintas Circunscripciones Judiciales de la Republica, que posteriormente pasar\u00edan por continuas modificaciones.<\/p>\n\n\n\n<p>En principio, la divisi\u00f3n territorial para la competencia judicial comprend\u00eda las distintas localidades, las cuales m\u00e1s tarde pasar\u00eda a integrar la entonces Circunscripci\u00f3n de Alto Paran\u00e1 y Canindey\u00fa, conform\u00e1ndose de la siguiente manera: Las localidades de Ygatymi, Curuguaty, Tacurupucu (Hernandarias hoy d\u00eda) e Itanar\u00e1, pasan a corresponder a la Circunscripci\u00f3n Judicial de Concepci\u00f3n.<\/p>\n\n\n\n<p>Por Decreto N\u00ba 32.888\/58,&nbsp;&nbsp;se crean los Juzgados de Instrucci\u00f3n Criminal, recomponi\u00e9ndose la geograf\u00eda judicial de esta manera: Ygatymi, Curuguaty e Itanar\u00e1, pasan a corresponder a la Circunscripci\u00f3n Judicial de Concepci\u00f3n; las localidades de Tacurupucu (Hernandarias), Ytakyry, Paranamb\u00fa, Puerto Presidente Stroessner (Hoy Ciudad del Este), Puerto Adela, \u00d1acunday y Domingo Mart\u00ednez de Irala, pasan a la jurisdicci\u00f3n de la Circunscripci\u00f3n Judicial de Encarnaci\u00f3n. Tiempo despu\u00e9s por Decreto N\u00ba 4.298\/64, las localidades de Ygatymi, Curuguaty, Ype Hu, Puerto Presidente Stroessner (Ciudad del Este), Hernandarias, Puerto Pdte. Franco (Ciudad de Presidente Franco), Domingo Mart\u00ednez de Irala y \u00d1acunday, quedaron bajo la jurisdicci\u00f3n de la Circunscripci\u00f3n Judicial de Villarrica.<\/p>\n\n\n\n<p>As\u00ed el Decreto del Poder Ejecutivo N\u00ba 855 de fecha 19 de octubre de 1983, crea la Circunscripci\u00f3n Judicial del Alto Paran\u00e1 y Canindey\u00fa, con sede en la actual Ciudad del Este.<\/p>\n\n\n\n<p>Por Ley N\u00ba 2675 de fecha 9 de setiembre de 2005 del Poder Ejecutivo se crea la Circunscripci\u00f3n Judicial de Canindey\u00fa, administrada por la Circunscripci\u00f3n Judicial de Alto Paran\u00e1 hasta el a\u00f1o 2007.<\/p>\n\n\n\n<p>De esta manera, la XV Circunscripci\u00f3n Judicial de Canindey\u00fa est\u00e1 conformada por Juzgados de Primera Instancia, Tribunal de Apelaci\u00f3n y Juzgados de Paz de las localidades de: Salto del Guair\u00e1, Curuguaty, Katuete, Nueva Esperanza, La Paloma del Esp\u00edritu Santo, Jasy Ca\u00f1y, Itanar\u00e2, Villa Ygatimi, Puerto Adela, Pindoty Por\u00e2, Ypejh\u00fb y Corpus Cristhi.<\/p>\n\n\n<div class=\"wp-block-image\">\n<figure class=\"aligncenter size-full\"><img loading=\"lazy\" decoding=\"async\" width=\"960\" height=\"685\" src=\"https:\/\/pjcanindeyu.gov.py\/wp-content\/uploads\/2023\/03\/30-12-21-61cdc1d93e06c-1.jpg\" alt=\"\" class=\"wp-image-1902\" srcset=\"https:\/\/pjcanindeyu.gov.py\/wp-content\/uploads\/2023\/03\/30-12-21-61cdc1d93e06c-1.jpg 960w, https:\/\/pjcanindeyu.gov.py\/wp-content\/uploads\/2023\/03\/30-12-21-61cdc1d93e06c-1-300x214.jpg 300w, https:\/\/pjcanindeyu.gov.py\/wp-content\/uploads\/2023\/03\/30-12-21-61cdc1d93e06c-1-768x548.jpg 768w\" sizes=\"auto, (max-width: 960px) 100vw, 960px\" \/><figcaption class=\"wp-element-caption\">Sede Judicial de la Ciudad de Salto del Guair\u00e1.<\/figcaption><\/figure>\n<\/div>","protected":false},"excerpt":{"rendered":"<p>Por medio del Decreto Ley del Poder Ejecutivo N\u00ba 4.578 del 18 de febrero de 1938, se determin\u00f3 las asignaciones y composiciones de las localidades que conformar\u00edan las distintas Circunscripciones Judiciales de la Republica, que posteriormente pasar\u00edan por continuas modificaciones. En principio, la divisi\u00f3n territorial para la competencia judicial comprend\u00eda [&hellip;]<\/p>\n","protected":false},"author":1,"featured_media":0,"parent":0,"menu_order":0,"comment_status":"closed","ping_status":"closed","template":"","meta":{"footnotes":""},"class_list":["post-57","page","type-page","status-publish","hentry"],"_links":{"self":[{"href":"https:\/\/pjcanindeyu.gov.py\/index.php?rest_route=\/wp\/v2\/pages\/57","targetHints":{"allow":["GET"]}}],"collection":[{"href":"https:\/\/pjcanindeyu.gov.py\/index.php?rest_route=\/wp\/v2\/pages"}],"about":[{"href":"https:\/\/pjcanindeyu.gov.py\/index.php?rest_route=\/wp\/v2\/types\/page"}],"author":[{"embeddable":true,"href":"https:\/\/pjcanindeyu.gov.py\/index.php?rest_route=\/wp\/v2\/users\/1"}],"replies":[{"embeddable":true,"href":"https:\/\/pjcanindeyu.gov.py\/index.php?rest_route=%2Fwp%2Fv2%2Fcomments&post=57"}],"version-history":[{"count":1,"href":"https:\/\/pjcanindeyu.gov.py\/index.php?rest_route=\/wp\/v2\/pages\/57\/revisions"}],"predecessor-version":[{"id":2097,"href":"https:\/\/pjcanindeyu.gov.py\/index.php?rest_route=\/wp\/v2\/pages\/57\/revisions\/2097"}],"wp:attachment":[{"href":"https:\/\/pjcanindeyu.gov.py\/index.php?rest_route=%2Fwp%2Fv2%2Fmedia&parent=57"}],"curies":[{"name":"wp","href":"https:\/\/api.w.org\/{rel}","templated":true}]}}