
{"id":654,"date":"2022-09-28T08:19:00","date_gmt":"2022-09-28T12:19:00","guid":{"rendered":"http:\/\/172.31.162.97\/pagina\/?page_id=654"},"modified":"2023-07-06T12:43:56","modified_gmt":"2023-07-06T16:43:56","slug":"penal-de-la-adolescencia","status":"publish","type":"page","link":"https:\/\/pjcanindeyu.gov.py\/?page_id=654","title":{"rendered":"Penal de la Adolescencia"},"content":{"rendered":"\n<h5 class=\"wp-block-heading\"><strong>C\u00d3DIGO DE LA NI\u00d1EZ Y LA ADOLESCENCIA<br>ART. 224, DEL JUZGADO PENAL DE LA ADOLESCENCIA<\/strong><\/h5>\n\n\n\n<p>El Juzgado Penal de la Adolescencia se integrar\u00e1 en forma unipersonal o colegiada, seg\u00fan se dispone en este art\u00edculo.<\/p>\n\n\n\n<p>El Juzgado Penal de la Adolescencia tiene competencia para:<\/p>\n\n\n\n<ul class=\"wp-block-list\" style=\"font-size:15px\">\n<li>a) conocer en primera instancia de los hechos tipificados como delitos por la legislaci\u00f3n penal ordinaria, atribuidas al adolescente;<\/li>\n\n\n\n<li>b) conocer en primera instancia, en forma de tribunal colegiado, de los hechos tipificados como cr\u00edmenes por la legislaci\u00f3n penal ordinaria, atribuidas al adolescente;<\/li>\n\n\n\n<li>c) procurar y sustanciar, en su caso, la conciliaci\u00f3n; y,<\/li>\n\n\n\n<li>d) conocer de otros aspectos que este C\u00f3digo u otras leyes le fijen.<\/li>\n<\/ul>\n\n\n\n<hr class=\"wp-block-separator has-alpha-channel-opacity\"\/>\n\n\n\n<h4 class=\"wp-block-heading\">Magistrados en el fuero Penal Adolescente en la Circunscripci\u00f3n Judicial de Canindey\u00fa<\/h4>\n\n\n\n<p class=\"accordion\">Salto del Guair\u00e1<\/p>\n\n\n\n<div class=\"wp-block-group panel\"><div class=\"wp-block-group__inner-container is-layout-flow wp-block-group-is-layout-flow\">\n<div class=\"wp-block-media-text alignwide is-stacked-on-mobile\" style=\"grid-template-columns:19% auto\"><figure class=\"wp-block-media-text__media\"><img loading=\"lazy\" decoding=\"async\" width=\"757\" height=\"768\" src=\"https:\/\/pjcanindeyu.gov.py\/wp-content\/uploads\/2023\/03\/Marta.png\" alt=\"\" class=\"wp-image-1954 size-full\" srcset=\"https:\/\/pjcanindeyu.gov.py\/wp-content\/uploads\/2023\/03\/Marta.png 757w, https:\/\/pjcanindeyu.gov.py\/wp-content\/uploads\/2023\/03\/Marta-296x300.png 296w\" sizes=\"auto, (max-width: 757px) 100vw, 757px\" \/><\/figure><div class=\"wp-block-media-text__content\">\n<p class=\"has-text-align-left\"><strong>Abg. Marta Elodia Acosta<\/strong><\/p>\n\n\n\n<p class=\"has-text-align-left\">Juez Penal Adolescente de Salto del Guair\u00e1 (Interina)<\/p>\n<\/div><\/div>\n\n\n\n<p class=\"has-text-align-center\"><\/p>\n<\/div><\/div>\n\n\n\n<p class=\"accordion\">Curuguaty<\/p>\n\n\n\n<div class=\"wp-block-group panel\"><div class=\"wp-block-group__inner-container is-layout-flow wp-block-group-is-layout-flow\">\n<div class=\"wp-block-media-text alignwide is-stacked-on-mobile\" style=\"grid-template-columns:19% auto\"><figure class=\"wp-block-media-text__media\"><img decoding=\"async\" src=\"https:\/\/live.staticflickr.com\/65535\/52392493222_a836fcf510_o.png\" alt=\"\"\/><\/figure><div class=\"wp-block-media-text__content\">\n<p class=\"has-text-align-left\"><strong>Abg. Rosa Jannine R\u00edos Gonz\u00e1lez<\/strong><\/p>\n\n\n\n<p class=\"has-text-align-left\">Jueza Penal Adolescente de Curuguaty<\/p>\n<\/div><\/div>\n\n\n\n<p class=\"has-text-align-center\"><\/p>\n<\/div><\/div>\n\n\n\n<p class=\"accordion\">Katuete<\/p>\n\n\n\n<div class=\"wp-block-group panel\"><div class=\"wp-block-group__inner-container is-layout-flow wp-block-group-is-layout-flow\">\n<div class=\"wp-block-media-text alignwide is-stacked-on-mobile\" style=\"grid-template-columns:21% auto\"><figure class=\"wp-block-media-text__media\"><img loading=\"lazy\" decoding=\"async\" width=\"757\" height=\"768\" src=\"https:\/\/pjcanindeyu.gov.py\/wp-content\/uploads\/2023\/03\/Alcira.png\" alt=\"\" class=\"wp-image-1906 size-full\" srcset=\"https:\/\/pjcanindeyu.gov.py\/wp-content\/uploads\/2023\/03\/Alcira.png 757w, https:\/\/pjcanindeyu.gov.py\/wp-content\/uploads\/2023\/03\/Alcira-296x300.png 296w\" sizes=\"auto, (max-width: 757px) 100vw, 757px\" \/><\/figure><div class=\"wp-block-media-text__content\">\n<p class=\"has-text-align-left\"><strong>Abg. Alcira de Sousa Lima Colm\u00e1n<\/strong><\/p>\n\n\n\n<p class=\"has-text-align-left\">Jueza Penal de Garant\u00edas y Penal Adolescente de Katuete<\/p>\n<\/div><\/div>\n\n\n\n<p class=\"has-text-align-center\"><\/p>\n<\/div><\/div>\n\n\n\n<hr class=\"wp-block-separator has-alpha-channel-opacity\"\/>\n","protected":false},"excerpt":{"rendered":"<p>C\u00d3DIGO DE LA NI\u00d1EZ Y LA ADOLESCENCIAART. 224, DEL JUZGADO PENAL DE LA ADOLESCENCIA El Juzgado Penal de la Adolescencia se integrar\u00e1 en forma unipersonal o colegiada, seg\u00fan se dispone en este art\u00edculo. El Juzgado Penal de la Adolescencia tiene competencia para: Magistrados en el fuero Penal Adolescente en la [&hellip;]<\/p>\n","protected":false},"author":1,"featured_media":0,"parent":0,"menu_order":0,"comment_status":"closed","ping_status":"closed","template":"","meta":{"footnotes":""},"class_list":["post-654","page","type-page","status-publish","hentry"],"_links":{"self":[{"href":"https:\/\/pjcanindeyu.gov.py\/index.php?rest_route=\/wp\/v2\/pages\/654","targetHints":{"allow":["GET"]}}],"collection":[{"href":"https:\/\/pjcanindeyu.gov.py\/index.php?rest_route=\/wp\/v2\/pages"}],"about":[{"href":"https:\/\/pjcanindeyu.gov.py\/index.php?rest_route=\/wp\/v2\/types\/page"}],"author":[{"embeddable":true,"href":"https:\/\/pjcanindeyu.gov.py\/index.php?rest_route=\/wp\/v2\/users\/1"}],"replies":[{"embeddable":true,"href":"https:\/\/pjcanindeyu.gov.py\/index.php?rest_route=%2Fwp%2Fv2%2Fcomments&post=654"}],"version-history":[{"count":2,"href":"https:\/\/pjcanindeyu.gov.py\/index.php?rest_route=\/wp\/v2\/pages\/654\/revisions"}],"predecessor-version":[{"id":2529,"href":"https:\/\/pjcanindeyu.gov.py\/index.php?rest_route=\/wp\/v2\/pages\/654\/revisions\/2529"}],"wp:attachment":[{"href":"https:\/\/pjcanindeyu.gov.py\/index.php?rest_route=%2Fwp%2Fv2%2Fmedia&parent=654"}],"curies":[{"name":"wp","href":"https:\/\/api.w.org\/{rel}","templated":true}]}}