
{"id":68,"date":"2022-09-23T14:10:53","date_gmt":"2022-09-23T14:10:53","guid":{"rendered":"https:\/\/pjcanindeyu.gov.py\/?page_id=68"},"modified":"2025-06-10T09:13:47","modified_gmt":"2025-06-10T13:13:47","slug":"juicios-orales","status":"publish","type":"page","link":"https:\/\/pjcanindeyu.gov.py\/?page_id=68","title":{"rendered":"Juicios Orales"},"content":{"rendered":"\n<p>Juzgamientos Orales y P\u00fablicos a realizarse en la fecha, por los Tribunales de Sentencia Penal de la Circunscripci\u00f3n Judicial de Canindey\u00fa.<\/p>\n\n\n\n<div class=\"wp-block-columns is-layout-flex wp-container-core-columns-is-layout-9d6595d7 wp-block-columns-is-layout-flex\">\n<div class=\"wp-block-column is-layout-flow wp-block-column-is-layout-flow\">\n<div class=\"calendario-responsive\">\n<iframe loading=\"lazy\" class=\"juicio-oral\" src=\"https:\/\/drive.google.com\/file\/d\/1dZ2JWI44qHmG6bd9CkZEyonagxOD4Zwg\/preview\" width=\"650\" height=\"650\"><\/iframe>\n<\/div>\n<\/div>\n<\/div>\n\n\n\n<hr class=\"wp-block-separator has-alpha-channel-opacity\"\/>\n\n\n\n<p><\/p>\n","protected":false},"excerpt":{"rendered":"<p>Juzgamientos Orales y P\u00fablicos a realizarse en la fecha, por los Tribunales de Sentencia Penal de la Circunscripci\u00f3n Judicial de Canindey\u00fa.<\/p>\n","protected":false},"author":1,"featured_media":0,"parent":0,"menu_order":0,"comment_status":"closed","ping_status":"closed","template":"","meta":{"footnotes":""},"class_list":["post-68","page","type-page","status-publish","hentry"],"_links":{"self":[{"href":"https:\/\/pjcanindeyu.gov.py\/index.php?rest_route=\/wp\/v2\/pages\/68","targetHints":{"allow":["GET"]}}],"collection":[{"href":"https:\/\/pjcanindeyu.gov.py\/index.php?rest_route=\/wp\/v2\/pages"}],"about":[{"href":"https:\/\/pjcanindeyu.gov.py\/index.php?rest_route=\/wp\/v2\/types\/page"}],"author":[{"embeddable":true,"href":"https:\/\/pjcanindeyu.gov.py\/index.php?rest_route=\/wp\/v2\/users\/1"}],"replies":[{"embeddable":true,"href":"https:\/\/pjcanindeyu.gov.py\/index.php?rest_route=%2Fwp%2Fv2%2Fcomments&post=68"}],"version-history":[{"count":5,"href":"https:\/\/pjcanindeyu.gov.py\/index.php?rest_route=\/wp\/v2\/pages\/68\/revisions"}],"predecessor-version":[{"id":4731,"href":"https:\/\/pjcanindeyu.gov.py\/index.php?rest_route=\/wp\/v2\/pages\/68\/revisions\/4731"}],"wp:attachment":[{"href":"https:\/\/pjcanindeyu.gov.py\/index.php?rest_route=%2Fwp%2Fv2%2Fmedia&parent=68"}],"curies":[{"name":"wp","href":"https:\/\/api.w.org\/{rel}","templated":true}]}}