{"id":139,"date":"2022-09-29T16:56:30","date_gmt":"2022-09-29T16:56:30","guid":{"rendered":"https:\/\/pjcanindeyu.gov.py\/?page_id=139"},"modified":"2022-09-29T16:56:30","modified_gmt":"2022-09-29T16:56:30","slug":"tribunal-de-apelaciones","status":"publish","type":"page","link":"https:\/\/pjcanindeyu.gov.py\/v1\/tribunal-de-apelaciones\/","title":{"rendered":"Tribunal de Apelaciones"},"content":{"rendered":"\n<h4 class=\"wp-block-heading\">Funciones<\/h4>\n\n\n\n<p class=\"wp-block-paragraph\" style=\"font-size:16px\">Los Tribunales de Apelaci\u00f3n en los distintos fueros y en todas las circunscripciones judiciales del pa\u00eds son la segunda instancia que tiene el usuario de justicia para recurrir.<\/p>\n\n\n\n<p class=\"wp-block-paragraph\" style=\"font-size:16px\">Las funciones de los Tribunales de Apelaci\u00f3n ser\u00e1n:<\/p>\n\n\n\n<p class=\"wp-block-paragraph\" style=\"font-size:16px\">      &#8211; La sustanciaci\u00f3n y resoluci\u00f3n del recurso de apelaci\u00f3n, seg\u00fan las reglas establecidas por este c\u00f3digo.<br \/>       &#8211; La recusaci\u00f3n del juez penal y de los miembros del tribunal de sentencia.<br \/>      &#8211; Las quejas por retardo de justicia contra los jueces penales y tribunales de sentencia.<\/p>\n\n\n\n<p class=\"font-weight: 600; wp-block-paragraph\" style=\"font-size:16px\"><strong>Fuente: C\u00f3digo de Organizaci\u00f3n Judicial<\/strong><\/p>\n\n\n\n<h3 class=\"wp-block-heading\">Magistrados del Tribunal de Apelaciones Multifuero de la Circunscripci\u00f3n Judicial de Canindey\u00fa<\/h3>\n\n\n\n<div class=\"wp-block-media-text is-stacked-on-mobile is-vertically-aligned-center\" style=\"grid-template-columns:24% auto\"><figure class=\"wp-block-media-text__media\"><img decoding=\"async\" src=\"https:\/\/pjcanindeyu.gov.py\/wp-content\/uploads\/2023\/03\/Abg.-Gustavo-Britez.png\" alt=\"\" class=\"wp-image-1905 size-full\"\/><\/figure><div class=\"wp-block-media-text__content\">\n<h5 class=\"wp-block-heading\">Abg. Gustavo Hern\u00e1n Br\u00edtez Miranda<\/h5>\n\n\n\n<p class=\"wp-block-paragraph\">&#8211; Presidente del Tribunal de Apelaci\u00f3n Multifuero<br \/>&#8211; Presidente del Consejo de Administraci\u00f3n de la XV Circunscripci\u00f3n Judicial.<\/p>\n<\/div><\/div>\n\n\n\n<hr class=\"wp-block-separator has-alpha-channel-opacity\"\/>\n\n\n\n<div class=\"wp-block-media-text is-stacked-on-mobile\" style=\"grid-template-columns:24% auto\"><figure class=\"wp-block-media-text__media\"><img decoding=\"async\" src=\"https:\/\/pjcanindeyu.gov.py\/v1\/wp-content\/uploads\/2023\/03\/caarlos2.png\" alt=\"\" class=\"wp-image-1917 size-full\"\/><\/figure><div class=\"wp-block-media-text__content\">\n<h5 class=\"wp-block-heading\">Abg. Carlos Antonio Dom\u00ednguez Rol\u00f3n <\/h5>\n\n\n\n<p class=\"wp-block-paragraph\">&#8211; Miembro del Tribunal de Apelaci\u00f3n Multifuero<br \/>&#8211; Vicepresidente Primero del Consejo de Administraci\u00f3n de la XV Circunscripci\u00f3n Judicial.<\/p>\n<\/div><\/div>\n\n\n\n<hr class=\"wp-block-separator has-alpha-channel-opacity\"\/>\n\n\n\n<div class=\"wp-block-media-text is-stacked-on-mobile\" style=\"grid-template-columns:24% auto\"><figure class=\"wp-block-media-text__media\"><img decoding=\"async\" src=\"https:\/\/pjcanindeyu.gov.py\/wp-content\/uploads\/2023\/03\/Abg.-Edith-Martinez.png\" alt=\"\" class=\"wp-image-1904 size-full\"\/><\/figure><div class=\"wp-block-media-text__content\">\n<h5 class=\"wp-block-heading\">Abg. Edith Purificaci\u00f3n Mart\u00ednez Aquino<\/h5>\n\n\n\n<p class=\"wp-block-paragraph\">&#8211; Miembro del Tribunal de Apelaci\u00f3n Multifuero.<br \/>&#8211; Vicepresidente Segunda del Consejo de Administraci\u00f3n de la XV Circunscripci\u00f3n Judicial<\/p>\n<\/div><\/div>\n\n\n\n<hr class=\"wp-block-separator has-alpha-channel-opacity\"\/>\n\n\n\n<div class=\"wp-block-media-text is-stacked-on-mobile\" style=\"grid-template-columns:24% auto\"><figure class=\"wp-block-media-text__media\"><img decoding=\"async\" src=\"https:\/\/pjcanindeyu.gov.py\/v1\/wp-content\/uploads\/2023\/10\/Zelaya-1-1024x682.jpeg\" alt=\"\" class=\"wp-image-2732 size-full\"\/><\/figure><div class=\"wp-block-media-text__content\">\n<h5 class=\"wp-block-heading\">Abg. Ram\u00f3n Trinidad Zelaya Bogado<\/h5>\n\n\n\n<p class=\"wp-block-paragraph\">&#8211; Miembro del Tribunal de Apelaci\u00f3n Penal<br \/><\/p>\n<\/div><\/div>\n\n\n\n<hr class=\"wp-block-separator has-alpha-channel-opacity\"\/>\n\n\n\n<div class=\"wp-block-media-text is-stacked-on-mobile\" style=\"grid-template-columns:24% auto\"><figure class=\"wp-block-media-text__media\"><img decoding=\"async\" src=\"https:\/\/pjcanindeyu.gov.py\/v1\/wp-content\/uploads\/2023\/10\/Lumi-1.jpeg\" alt=\"\" class=\"wp-image-2733 size-full\"\/><\/figure><div class=\"wp-block-media-text__content\">\n<h5 class=\"wp-block-heading\">Abg. Luz Mar\u00eda Teresita Torres Esquivel<\/h5>\n\n\n\n<p class=\"wp-block-paragraph\">&#8211; Miembro del Tribunal de Apelaci\u00f3n Penal<\/p>\n<\/div><\/div>\n","protected":false},"excerpt":{"rendered":"<p>Funciones Los Tribunales de Apelaci\u00f3n en los distintos fueros y en todas las circunscripciones judiciales del pa\u00eds son la segunda instancia que tiene el usuario de justicia para recurrir. Las funciones de los Tribunales de Apelaci\u00f3n ser\u00e1n: &#8211; La sustanciaci\u00f3n y resoluci\u00f3n del recurso de apelaci\u00f3n, seg\u00fan las reglas establecidas [&hellip;]<\/p>\n","protected":false},"author":1,"featured_media":0,"parent":0,"menu_order":0,"comment_status":"closed","ping_status":"closed","template":"","meta":{"footnotes":""},"class_list":["post-139","page","type-page","status-publish","hentry"],"_links":{"self":[{"href":"https:\/\/pjcanindeyu.gov.py\/v1\/wp-json\/wp\/v2\/pages\/139","targetHints":{"allow":["GET"]}}],"collection":[{"href":"https:\/\/pjcanindeyu.gov.py\/v1\/wp-json\/wp\/v2\/pages"}],"about":[{"href":"https:\/\/pjcanindeyu.gov.py\/v1\/wp-json\/wp\/v2\/types\/page"}],"author":[{"embeddable":true,"href":"https:\/\/pjcanindeyu.gov.py\/v1\/wp-json\/wp\/v2\/users\/1"}],"replies":[{"embeddable":true,"href":"https:\/\/pjcanindeyu.gov.py\/v1\/wp-json\/wp\/v2\/comments?post=139"}],"version-history":[{"count":0,"href":"https:\/\/pjcanindeyu.gov.py\/v1\/wp-json\/wp\/v2\/pages\/139\/revisions"}],"wp:attachment":[{"href":"https:\/\/pjcanindeyu.gov.py\/v1\/wp-json\/wp\/v2\/media?parent=139"}],"curies":[{"name":"wp","href":"https:\/\/api.w.org\/{rel}","templated":true}]}}

<h4 class="wp-block-heading">Funciones</h4>



<p class="wp-block-paragraph" style="font-size:16px">Los Tribunales de Apelación en los distintos fueros y en todas las circunscripciones judiciales del país son la segunda instancia que tiene el usuario de justicia para recurrir.</p>



<p class="wp-block-paragraph" style="font-size:16px">Las funciones de los Tribunales de Apelación serán:</p>



<p class="wp-block-paragraph" style="font-size:16px">      &#8211; La sustanciación y resolución del recurso de apelación, según las reglas establecidas por este código.<br />       &#8211; La recusación del juez penal y de los miembros del tribunal de sentencia.<br />      &#8211; Las quejas por retardo de justicia contra los jueces penales y tribunales de sentencia.</p>



<p class="font-weight: 600; wp-block-paragraph" style="font-size:16px"><strong>Fuente: Código de Organización Judicial</strong></p>



<h3 class="wp-block-heading">Magistrados del Tribunal de Apelaciones Multifuero de la Circunscripción Judicial de Canindeyú</h3>



<div class="wp-block-media-text is-stacked-on-mobile is-vertically-aligned-center" style="grid-template-columns:24% auto"><figure class="wp-block-media-text__media"><img decoding="async" src="https://pjcanindeyu.gov.py/wp-content/uploads/2023/03/Abg.-Gustavo-Britez.png" alt="" class="wp-image-1905 size-full"/></figure><div class="wp-block-media-text__content">
<h5 class="wp-block-heading">Abg. Gustavo Hernán Brítez Miranda</h5>



<p class="wp-block-paragraph">&#8211; Presidente del Tribunal de Apelación Multifuero<br />&#8211; Presidente del Consejo de Administración de la XV Circunscripción Judicial.</p>
</div></div>



<hr class="wp-block-separator has-alpha-channel-opacity"/>



<div class="wp-block-media-text is-stacked-on-mobile" style="grid-template-columns:24% auto"><figure class="wp-block-media-text__media"><img decoding="async" src="https://pjcanindeyu.gov.py/v1/wp-content/uploads/2023/03/caarlos2.png" alt="" class="wp-image-1917 size-full"/></figure><div class="wp-block-media-text__content">
<h5 class="wp-block-heading">Abg. Carlos Antonio Domínguez Rolón </h5>



<p class="wp-block-paragraph">&#8211; Miembro del Tribunal de Apelación Multifuero<br />&#8211; Vicepresidente Primero del Consejo de Administración de la XV Circunscripción Judicial.</p>
</div></div>



<hr class="wp-block-separator has-alpha-channel-opacity"/>



<div class="wp-block-media-text is-stacked-on-mobile" style="grid-template-columns:24% auto"><figure class="wp-block-media-text__media"><img decoding="async" src="https://pjcanindeyu.gov.py/wp-content/uploads/2023/03/Abg.-Edith-Martinez.png" alt="" class="wp-image-1904 size-full"/></figure><div class="wp-block-media-text__content">
<h5 class="wp-block-heading">Abg. Edith Purificación Martínez Aquino</h5>



<p class="wp-block-paragraph">&#8211; Miembro del Tribunal de Apelación Multifuero.<br />&#8211; Vicepresidente Segunda del Consejo de Administración de la XV Circunscripción Judicial</p>
</div></div>



<hr class="wp-block-separator has-alpha-channel-opacity"/>



<div class="wp-block-media-text is-stacked-on-mobile" style="grid-template-columns:24% auto"><figure class="wp-block-media-text__media"><img decoding="async" src="https://pjcanindeyu.gov.py/v1/wp-content/uploads/2023/10/Zelaya-1-1024x682.jpeg" alt="" class="wp-image-2732 size-full"/></figure><div class="wp-block-media-text__content">
<h5 class="wp-block-heading">Abg. Ramón Trinidad Zelaya Bogado</h5>



<p class="wp-block-paragraph">&#8211; Miembro del Tribunal de Apelación Penal<br /></p>
</div></div>



<hr class="wp-block-separator has-alpha-channel-opacity"/>



<div class="wp-block-media-text is-stacked-on-mobile" style="grid-template-columns:24% auto"><figure class="wp-block-media-text__media"><img decoding="async" src="https://pjcanindeyu.gov.py/v1/wp-content/uploads/2023/10/Lumi-1.jpeg" alt="" class="wp-image-2733 size-full"/></figure><div class="wp-block-media-text__content">
<h5 class="wp-block-heading">Abg. Luz María Teresita Torres Esquivel</h5>



<p class="wp-block-paragraph">&#8211; Miembro del Tribunal de Apelación Penal</p>
</div></div>

<p>Funciones Los Tribunales de Apelación en los distintos fueros y en todas las circunscripciones judiciales del país son la segunda instancia que tiene el usuario de justicia para recurrir. Las funciones de los Tribunales de Apelación serán: &#8211; La sustanciación y resolución del recurso de apelación, según las reglas establecidas [&hellip;]</p>
