{"id":654,"date":"2022-09-28T08:19:00","date_gmt":"2022-09-28T12:19:00","guid":{"rendered":"http:\/\/172.31.162.97\/pagina\/?page_id=654"},"modified":"2026-08-28T08:11:13","modified_gmt":"2026-08-28T11:11:13","slug":"penal-de-la-adolescencia","status":"publish","type":"page","link":"https:\/\/pjcanindeyu.gov.py\/v1\/penal-de-la-adolescencia\/","title":{"rendered":"Penal de la Adolescencia"},"content":{"rendered":"\n<h5 class=\"wp-block-heading\"><strong>C\u00d3DIGO DE LA NI\u00d1EZ Y LA ADOLESCENCIA<br>ART. 224, DEL JUZGADO PENAL DE LA ADOLESCENCIA<\/strong><\/h5>\n\n\n\n<p class=\"wp-block-paragraph\">El Juzgado Penal de la Adolescencia se integrar\u00e1 en forma unipersonal o colegiada, seg\u00fan se dispone en este art\u00edculo.<\/p>\n\n\n\n<p class=\"wp-block-paragraph\">El Juzgado Penal de la Adolescencia tiene competencia para:<\/p>\n\n\n\n<ul style=\"font-size:15px\" class=\"wp-block-list\">\n<li>a) conocer en primera instancia de los hechos tipificados como delitos por la legislaci\u00f3n penal ordinaria, atribuidas al adolescente;<\/li>\n\n\n\n<li>b) conocer en primera instancia, en forma de tribunal colegiado, de los hechos tipificados como cr\u00edmenes por la legislaci\u00f3n penal ordinaria, atribuidas al adolescente;<\/li>\n\n\n\n<li>c) procurar y sustanciar, en su caso, la conciliaci\u00f3n; y,<\/li>\n\n\n\n<li>d) conocer de otros aspectos que este C\u00f3digo u otras leyes le fijen.<\/li>\n<\/ul>\n\n\n\n<hr class=\"wp-block-separator has-alpha-channel-opacity\"\/>\n\n\n\n<h4 class=\"wp-block-heading\">Magistrados en el fuero Penal Adolescente en la Circunscripci\u00f3n Judicial de Canindey\u00fa<\/h4>\n\n\n\n<p class=\"accordion wp-block-paragraph\">Salto del Guair\u00e1<\/p>\n\n\n\n<div class=\"wp-block-group panel\"><div class=\"wp-block-group__inner-container is-layout-flow wp-block-group-is-layout-flow\">\n<div class=\"wp-block-media-text alignwide is-stacked-on-mobile\" style=\"grid-template-columns:19% auto\"><figure class=\"wp-block-media-text__media\"><img loading=\"lazy\" decoding=\"async\" width=\"1009\" height=\"1024\" src=\"https:\/\/pjcanindeyu.gov.py\/v1\/wp-content\/uploads\/2026\/08\/Mariana-Vallejos-1009x1024.png\" alt=\"\" class=\"wp-image-8812 size-full\" srcset=\"https:\/\/pjcanindeyu.gov.py\/v1\/wp-content\/uploads\/2026\/08\/Mariana-Vallejos-1009x1024.png 1009w, https:\/\/pjcanindeyu.gov.py\/v1\/wp-content\/uploads\/2026\/08\/Mariana-Vallejos-296x300.png 296w, https:\/\/pjcanindeyu.gov.py\/v1\/wp-content\/uploads\/2026\/08\/Mariana-Vallejos-768x780.png 768w, https:\/\/pjcanindeyu.gov.py\/v1\/wp-content\/uploads\/2026\/08\/Mariana-Vallejos-1513x1536.png 1513w, https:\/\/pjcanindeyu.gov.py\/v1\/wp-content\/uploads\/2026\/08\/Mariana-Vallejos-2017x2048.png 2017w\" sizes=\"auto, (max-width: 1009px) 100vw, 1009px\" \/><\/figure><div class=\"wp-block-media-text__content\">\n<p class=\"has-text-align-left wp-block-paragraph\"><strong>Abg. Mariana Vallejos<\/strong><\/p>\n\n\n\n<p class=\"has-text-align-left wp-block-paragraph\">Jueza Penal Adolescente de Saltos del Guair\u00e1 <\/p>\n<\/div><\/div>\n\n\n\n<p class=\"has-text-align-center wp-block-paragraph\"><\/p>\n<\/div><\/div>\n\n\n\n<p class=\"accordion wp-block-paragraph\">Curuguaty<\/p>\n\n\n\n<div class=\"wp-block-group panel\"><div class=\"wp-block-group__inner-container is-layout-flow wp-block-group-is-layout-flow\">\n<div class=\"wp-block-media-text alignwide is-stacked-on-mobile\" style=\"grid-template-columns:19% auto\"><figure class=\"wp-block-media-text__media\"><img loading=\"lazy\" decoding=\"async\" width=\"1009\" height=\"1024\" src=\"https:\/\/pjcanindeyu.gov.py\/v1\/wp-content\/uploads\/2025\/05\/Marcos-Gimenez-2025-1009x1024.png\" alt=\"\" class=\"wp-image-6893 size-full\" srcset=\"https:\/\/pjcanindeyu.gov.py\/v1\/wp-content\/uploads\/2025\/05\/Marcos-Gimenez-2025-1009x1024.png 1009w, https:\/\/pjcanindeyu.gov.py\/v1\/wp-content\/uploads\/2025\/05\/Marcos-Gimenez-2025-296x300.png 296w, https:\/\/pjcanindeyu.gov.py\/v1\/wp-content\/uploads\/2025\/05\/Marcos-Gimenez-2025-768x780.png 768w, https:\/\/pjcanindeyu.gov.py\/v1\/wp-content\/uploads\/2025\/05\/Marcos-Gimenez-2025-1513x1536.png 1513w, https:\/\/pjcanindeyu.gov.py\/v1\/wp-content\/uploads\/2025\/05\/Marcos-Gimenez-2025-2017x2048.png 2017w\" sizes=\"auto, (max-width: 1009px) 100vw, 1009px\" \/><\/figure><div class=\"wp-block-media-text__content\">\n<p class=\"has-text-align-left wp-block-paragraph\"><strong>Abg. Marcos Gim\u00e9nez Rivas<\/strong><\/p>\n\n\n\n<p class=\"has-text-align-left wp-block-paragraph\">Juez Penal de Garant\u00edas N\u00ba 3 y Penal Adolescente de Curuguaty<\/p>\n<\/div><\/div>\n\n\n\n<p class=\"has-text-align-center wp-block-paragraph\"><\/p>\n<\/div><\/div>\n\n\n\n<p class=\"accordion wp-block-paragraph\">Katuete<\/p>\n\n\n\n<div class=\"wp-block-group panel\"><div class=\"wp-block-group__inner-container is-layout-flow wp-block-group-is-layout-flow\">\n<div class=\"wp-block-media-text alignwide is-stacked-on-mobile\" style=\"grid-template-columns:21% auto\"><figure class=\"wp-block-media-text__media\"><img decoding=\"async\" src=\"https:\/\/pjcanindeyu.gov.py\/wp-content\/uploads\/2023\/03\/Alcira.png\" alt=\"\" class=\"wp-image-1906 size-full\"\/><\/figure><div class=\"wp-block-media-text__content\">\n<p class=\"has-text-align-left wp-block-paragraph\"><strong>Abg. Alcira de Sousa Lima Colm\u00e1n<\/strong><\/p>\n\n\n\n<p class=\"has-text-align-left wp-block-paragraph\">Jueza Penal de Garant\u00edas N\u00ba 1 y Penal Adolescente de Katuet\u00e9<\/p>\n<\/div><\/div>\n\n\n\n<p class=\"has-text-align-center wp-block-paragraph\"><\/p>\n<\/div><\/div>\n\n\n\n<hr class=\"wp-block-separator has-alpha-channel-opacity\"\/>\n","protected":false},"excerpt":{"rendered":"<p>C\u00d3DIGO DE LA NI\u00d1EZ Y LA ADOLESCENCIAART. 224, DEL JUZGADO PENAL DE LA ADOLESCENCIA El Juzgado Penal de la Adolescencia se integrar\u00e1 en forma unipersonal o colegiada, seg\u00fan se dispone en este art\u00edculo. El Juzgado Penal de la Adolescencia tiene competencia para: Magistrados en el fuero Penal Adolescente en la [&hellip;]<\/p>\n","protected":false},"author":1,"featured_media":5560,"parent":0,"menu_order":0,"comment_status":"closed","ping_status":"closed","template":"","meta":{"footnotes":""},"class_list":["post-654","page","type-page","status-publish","has-post-thumbnail","hentry"],"_links":{"self":[{"href":"https:\/\/pjcanindeyu.gov.py\/v1\/wp-json\/wp\/v2\/pages\/654","targetHints":{"allow":["GET"]}}],"collection":[{"href":"https:\/\/pjcanindeyu.gov.py\/v1\/wp-json\/wp\/v2\/pages"}],"about":[{"href":"https:\/\/pjcanindeyu.gov.py\/v1\/wp-json\/wp\/v2\/types\/page"}],"author":[{"embeddable":true,"href":"https:\/\/pjcanindeyu.gov.py\/v1\/wp-json\/wp\/v2\/users\/1"}],"replies":[{"embeddable":true,"href":"https:\/\/pjcanindeyu.gov.py\/v1\/wp-json\/wp\/v2\/comments?post=654"}],"version-history":[{"count":2,"href":"https:\/\/pjcanindeyu.gov.py\/v1\/wp-json\/wp\/v2\/pages\/654\/revisions"}],"predecessor-version":[{"id":8817,"href":"https:\/\/pjcanindeyu.gov.py\/v1\/wp-json\/wp\/v2\/pages\/654\/revisions\/8817"}],"wp:attachment":[{"href":"https:\/\/pjcanindeyu.gov.py\/v1\/wp-json\/wp\/v2\/media?parent=654"}],"curies":[{"name":"wp","href":"https:\/\/api.w.org\/{rel}","templated":true}]}}

<h5 class="wp-block-heading"><strong>CÓDIGO DE LA NIÑEZ Y LA ADOLESCENCIA<br>ART. 224, DEL JUZGADO PENAL DE LA ADOLESCENCIA</strong></h5>



<p class="wp-block-paragraph">El Juzgado Penal de la Adolescencia se integrará en forma unipersonal o colegiada, según se dispone en este artículo.</p>



<p class="wp-block-paragraph">El Juzgado Penal de la Adolescencia tiene competencia para:</p>



<ul style="font-size:15px" class="wp-block-list">
<li>a) conocer en primera instancia de los hechos tipificados como delitos por la legislación penal ordinaria, atribuidas al adolescente;</li>



<li>b) conocer en primera instancia, en forma de tribunal colegiado, de los hechos tipificados como crímenes por la legislación penal ordinaria, atribuidas al adolescente;</li>



<li>c) procurar y sustanciar, en su caso, la conciliación; y,</li>



<li>d) conocer de otros aspectos que este Código u otras leyes le fijen.</li>
</ul>



<hr class="wp-block-separator has-alpha-channel-opacity"/>



<h4 class="wp-block-heading">Magistrados en el fuero Penal Adolescente en la Circunscripción Judicial de Canindeyú</h4>



<p class="accordion wp-block-paragraph">Salto del Guairá</p>



<div class="wp-block-group panel"><div class="wp-block-group__inner-container is-layout-flow wp-block-group-is-layout-flow">
<div class="wp-block-media-text alignwide is-stacked-on-mobile" style="grid-template-columns:19% auto"><figure class="wp-block-media-text__media"><img loading="lazy" decoding="async" width="1009" height="1024" src="https://pjcanindeyu.gov.py/v1/wp-content/uploads/2026/08/Mariana-Vallejos-1009x1024.png" alt="" class="wp-image-8812 size-full" srcset="https://pjcanindeyu.gov.py/v1/wp-content/uploads/2026/08/Mariana-Vallejos-1009x1024.png 1009w, https://pjcanindeyu.gov.py/v1/wp-content/uploads/2026/08/Mariana-Vallejos-296x300.png 296w, https://pjcanindeyu.gov.py/v1/wp-content/uploads/2026/08/Mariana-Vallejos-768x780.png 768w, https://pjcanindeyu.gov.py/v1/wp-content/uploads/2026/08/Mariana-Vallejos-1513x1536.png 1513w, https://pjcanindeyu.gov.py/v1/wp-content/uploads/2026/08/Mariana-Vallejos-2017x2048.png 2017w" sizes="auto, (max-width: 1009px) 100vw, 1009px" /></figure><div class="wp-block-media-text__content">
<p class="has-text-align-left wp-block-paragraph"><strong>Abg. Mariana Vallejos</strong></p>



<p class="has-text-align-left wp-block-paragraph">Jueza Penal Adolescente de Saltos del Guairá </p>
</div></div>



<p class="has-text-align-center wp-block-paragraph"></p>
</div></div>



<p class="accordion wp-block-paragraph">Curuguaty</p>



<div class="wp-block-group panel"><div class="wp-block-group__inner-container is-layout-flow wp-block-group-is-layout-flow">
<div class="wp-block-media-text alignwide is-stacked-on-mobile" style="grid-template-columns:19% auto"><figure class="wp-block-media-text__media"><img loading="lazy" decoding="async" width="1009" height="1024" src="https://pjcanindeyu.gov.py/v1/wp-content/uploads/2025/05/Marcos-Gimenez-2025-1009x1024.png" alt="" class="wp-image-6893 size-full" srcset="https://pjcanindeyu.gov.py/v1/wp-content/uploads/2025/05/Marcos-Gimenez-2025-1009x1024.png 1009w, https://pjcanindeyu.gov.py/v1/wp-content/uploads/2025/05/Marcos-Gimenez-2025-296x300.png 296w, https://pjcanindeyu.gov.py/v1/wp-content/uploads/2025/05/Marcos-Gimenez-2025-768x780.png 768w, https://pjcanindeyu.gov.py/v1/wp-content/uploads/2025/05/Marcos-Gimenez-2025-1513x1536.png 1513w, https://pjcanindeyu.gov.py/v1/wp-content/uploads/2025/05/Marcos-Gimenez-2025-2017x2048.png 2017w" sizes="auto, (max-width: 1009px) 100vw, 1009px" /></figure><div class="wp-block-media-text__content">
<p class="has-text-align-left wp-block-paragraph"><strong>Abg. Marcos Giménez Rivas</strong></p>



<p class="has-text-align-left wp-block-paragraph">Juez Penal de Garantías Nº 3 y Penal Adolescente de Curuguaty</p>
</div></div>



<p class="has-text-align-center wp-block-paragraph"></p>
</div></div>



<p class="accordion wp-block-paragraph">Katuete</p>



<div class="wp-block-group panel"><div class="wp-block-group__inner-container is-layout-flow wp-block-group-is-layout-flow">
<div class="wp-block-media-text alignwide is-stacked-on-mobile" style="grid-template-columns:21% auto"><figure class="wp-block-media-text__media"><img decoding="async" src="https://pjcanindeyu.gov.py/wp-content/uploads/2023/03/Alcira.png" alt="" class="wp-image-1906 size-full"/></figure><div class="wp-block-media-text__content">
<p class="has-text-align-left wp-block-paragraph"><strong>Abg. Alcira de Sousa Lima Colmán</strong></p>



<p class="has-text-align-left wp-block-paragraph">Jueza Penal de Garantías Nº 1 y Penal Adolescente de Katueté</p>
</div></div>



<p class="has-text-align-center wp-block-paragraph"></p>
</div></div>



<hr class="wp-block-separator has-alpha-channel-opacity"/>

<p>CÓDIGO DE LA NIÑEZ Y LA ADOLESCENCIAART. 224, DEL JUZGADO PENAL DE LA ADOLESCENCIA El Juzgado Penal de la Adolescencia se integrará en forma unipersonal o colegiada, según se dispone en este artículo. El Juzgado Penal de la Adolescencia tiene competencia para: Magistrados en el fuero Penal Adolescente en la [&hellip;]</p>
